{"id":114,"date":"2020-10-21T10:23:08","date_gmt":"2020-10-21T08:23:08","guid":{"rendered":"http:\/\/uksmickiewicz.pl\/?page_id=114"},"modified":"2024-09-06T11:45:16","modified_gmt":"2024-09-06T09:45:16","slug":"kontakt","status":"publish","type":"page","link":"https:\/\/mickiewiczkluczbork.pl\/index.php\/kontakt\/","title":{"rendered":"BILETY"},"content":{"rendered":"\n<p>Zarz\u0105d Kluczborskiego Klubu Sportowego &#8222;MICKIEWICZ&#8221; Kluczbork ustali\u0142 ceny bilet\u00f3w na sezon 2024\/2025:<\/p>\n\n\n\n<ul class=\"wp-block-list\"><li>Bilet normalny &#8211; 15 z\u0142<\/li><li>Bilet ulgowy &#8211; 10 z\u0142 <\/li><li>Karnet normalny &#8211; 260 z\u0142<\/li><li>Karnet ulgowy &#8211; 200 z\u0142 <\/li><\/ul>\n\n\n\n<p>Sprzeda\u017c bilet\u00f3w b\u0119dzie prowadzona w hali OSiR przy ul. Mickiewicza 10 dwie godziny przed rozpocz\u0119ciem ka\u017cdego meczu. <\/p>\n","protected":false},"excerpt":{"rendered":"<p>Zarz\u0105d Kluczborskiego Klubu Sportowego &#8222;MICKIEWICZ&#8221; Kluczbork ustali\u0142 ceny bilet\u00f3w na sezon 2024\/2025: Bilet normalny &#8211; 15 z\u0142 Bilet ulgowy &#8211; 10 z\u0142 Karnet normalny &#8211; 260 z\u0142 Karnet ulgowy &#8211; 200 z\u0142 Sprzeda\u017c bilet\u00f3w b\u0119dzie prowadzona w hali OSiR przy ul. Mickiewicza 10 dwie godziny przed rozpocz\u0119ciem ka\u017cdego meczu.<\/p>\n","protected":false},"author":2,"featured_media":0,"parent":0,"menu_order":8,"comment_status":"closed","ping_status":"closed","template":"","meta":{"footnotes":""},"class_list":["post-114","page","type-page","status-publish","hentry"],"_links":{"self":[{"href":"https:\/\/mickiewiczkluczbork.pl\/index.php\/wp-json\/wp\/v2\/pages\/114"}],"collection":[{"href":"https:\/\/mickiewiczkluczbork.pl\/index.php\/wp-json\/wp\/v2\/pages"}],"about":[{"href":"https:\/\/mickiewiczkluczbork.pl\/index.php\/wp-json\/wp\/v2\/types\/page"}],"author":[{"embeddable":true,"href":"https:\/\/mickiewiczkluczbork.pl\/index.php\/wp-json\/wp\/v2\/users\/2"}],"replies":[{"embeddable":true,"href":"https:\/\/mickiewiczkluczbork.pl\/index.php\/wp-json\/wp\/v2\/comments?post=114"}],"version-history":[{"count":5,"href":"https:\/\/mickiewiczkluczbork.pl\/index.php\/wp-json\/wp\/v2\/pages\/114\/revisions"}],"predecessor-version":[{"id":565,"href":"https:\/\/mickiewiczkluczbork.pl\/index.php\/wp-json\/wp\/v2\/pages\/114\/revisions\/565"}],"wp:attachment":[{"href":"https:\/\/mickiewiczkluczbork.pl\/index.php\/wp-json\/wp\/v2\/media?parent=114"}],"curies":[{"name":"wp","href":"https:\/\/api.w.org\/{rel}","templated":true}]}}